44). Suppose -2*j = -0*j - v. Let o be 20 + 0 - (-93 + 101). What is the greatest common factor of j and o?
12
Suppose 34 = 5*r - 4*b, 2*r + 3*b - 6 - 3 = 0. Let h be -2 - (-2 + -2 + r) - -28. What is the highest common divisor of h and 42?
6
Let g = 17 - 11. Suppose 2*o - 33*y - 93 = -30*y, -3*o + 5*y = -139. What is the greatest common divisor of o and g?
6
Let p(q) be the first derivative of 31*q**4/4 + q**3/3 + q**2 - 2*q - 19. Let y be p(1). Calculate the highest common factor of 16 and y.
16
Suppose -5*z + 659 = 5*l - 341, 4*l - 200 = -z. Calculate the highest common factor of z and 8.
8
Let s(p) = 88*p - 1176. Let v be s(14). What is the highest common factor of v and 21?
7
Let t(z) = -9*z - 22. Let f be t(-6). What is the greatest common divisor of 112 and f?
16
Let v = -41 + 135. Calculate the greatest common divisor of v and 47.
47
Let i(r) = 4*r**3 + 3*r**2 - 3*r + 1. Let p be i(2). Let d = -278 + 291. Calculate the greatest common divisor of p and d.
13
Let t be (2 - 6/15)*(-10)/(-4). Suppose -1 = -2*a - 5. Let y = a - -6. What is the greatest common factor of t and y?
4
Let i(y) = -y**3 + 7*y**2 - 8 - 8*y + 19 - 7 - y. Let a be i(5). Suppose h - 9 = -0*h. Calculate the highest common divisor of h and a.
9
Suppose -4*j + 236 = 2*q, q = -j + 2*q + 62. Let k = j - 50. What is the highest common divisor of k and 10?
10
Let v be 4/(-2*(-1)/4). Suppose 5*y - v = 22. Let k(b) = -6*b - 6. Let a be k(-4). Calculate the greatest common divisor of y and a.
6
Suppose m + 0*u = -3*u - 6, 2*m - 5*u - 43 = 0. Suppose 261 = -m*v + 10*v. Let a = -72 + 101. Calculate the greatest common factor of v and a.
29
Let q be 616/(-14)*(-2)/8*1. Suppose -3*i - 44 = -5*v + q, -3*v - 5*i + 33 = 0. What is the highest common factor of v and 22?
11
Suppose 10*l - 384 - 246 = 0. Calculate the highest common factor of 9 and l.
9
Let q(b) = b + 2. Let f be q(-5). Let h be (11 - 16)*f/5. Suppose 0*c + 37 = h*a - 2*c, 0 = -3*a - 5*c + 2. Calculate the highest common factor of a and 99.
9
Suppose 0 = -s - 4*o + 166, 3*o + 423 = -0*s + 3*s. Suppose 162 = 4*q - s. Let x be -3*(-1 - (-12)/(-9)). Calculate the greatest common divisor of x and q.
7
Let x(k) = -16*k. Let w be x(-5). Suppose -7 = -2*f + 3. Suppose 0*u = f*u - 40. Calculate the greatest common divisor of w and u.
8
Let u = 79 - 56. Suppose 2*n - u = 27. Calculate the greatest common factor of 5 and n.
5
Let a be 23 + -29 + (3 - 3 - -156). Calculate the greatest common divisor of a and 500.
50
Let t(y) = -6*y + 39. Let w be t(17). Let m = 108 + w. What is the greatest common factor of 45 and m?
45
Let a(s) = -s**3 - 7*s**2 + 15*s - 4. Let m be a(-10). Suppose -147*k + 12 = -m*k. Calculate the highest common factor of 6 and k.
6
Let j(n) = 4 - 7*n - 19 - 4*n + n**2. Let p be j(11). Let q = -3 - p. Calculate the highest common factor of q and 96.
12
Let x(v) = v + 2. Let f be x(-3). Let a be 22 - (f - (-1 - 4)). What is the highest common factor of a and 18?
18
Let l(a) = a**2 - 18*a - 17. Let k be l(19). Suppose v + 12 = k*v. Calculate the highest common divisor of 4 and v.
4
Let f = 319 - 243. Calculate the greatest common factor of f and 171.
19
Let l(p) = -p + 130. Let a be l(0). What is the greatest common divisor of a and 26?
26
Let p be 12 + 30*(-20)/(-15). Calculate the highest common divisor of 4 and p.
4
Let j be ((-24)/(-42))/((-2)/7). Let u(w) = 1 - 116*w + 2 - 1. Let t be u(j). Calculate the greatest common divisor of t and 26.
26
Let g(y) = y**2 - y - 3. Let o be g(6). Calculate the highest common divisor of 432 and o.
27
Let k be 3 - (-28)/4 - 4. Let c be 112/(-12)*k/(-8). Let b = c + -4. Calculate the greatest common divisor of 9 and b.
3
Suppose 0*o - 850 = -5*o. Suppose 11 = 3*g + d + 1, -g = -4*d + 1. Suppose 2*j = -g*j + o. Calculate the highest common factor of 85 and j.
17
Let o be (-2 + (2 - -1))*3. Suppose -121 + 16 = -o*h. Calculate the highest common divisor of h and 5.
5
Let q(m) = 2*m**2 - 30*m - 13. Let f be q(16). What is the highest common divisor of 152 and f?
19
Let p(z) = -z**3 + 10*z**2 + 7*z - 4. Let s be p(4). Calculate the greatest common divisor of 640 and s.
40
Let x(k) = k + 30. Let s be x(-4). Calculate the greatest common divisor of s and 117.
13
Let i(r) = 6*r - 5 - 7*r + 0*r. Let f be i(-11). Calculate the greatest common factor of f and 48.
6
Let b = 12 + -2. Let z be 94/10 - (-6)/b. Suppose -n = -3*a + 9, z = -a - 5*n + n. What is the greatest common factor of a and 18?
2
Let k(y) = -2*y**3 + 4*y**2 + y - 4. Let v be k(-4). Let j be (3 - (3 - (1 - 0)))*v. What is the greatest common divisor of 23 and j?
23
Suppose 0 = 6*f + 7 - 763. Calculate the greatest common divisor of f and 56.
14
Let w(t) = -4*t + 18*t - 3*t + 6*t. Let b be w(1). Suppose b = 2*h - 11. Calculate the highest common divisor of h and 21.
7
Suppose 0*p = 5*p + 70. Let g = p - -34. Calculate the greatest common divisor of g and 5.
5
Let o be -119 + 0 + (-12)/(-3). Let q(l) = 3*l**2 - 3*l + 4. Let s be q(9). Let x = s + o. What is the highest common divisor of x and 21?
21
Let x be 4/(-14) + 40/(-7). Let y be (18/(-12))/(x/4). What is the greatest common factor of 2 and y?
1
Suppose -21*s + 360 = -18*s. Let o = -99 + s. Calculate the highest common divisor of 147 and o.
21
Let c = -775 - -812. Calculate the highest common divisor of 37 and c.
37
Let i(n) = -2*n**2 - 14*n + 9. Suppose 11 = -3*q + s - 7, -2*s = -2*q - 8. Let u be i(q). Suppose -u = -5*p + 41. What is the highest common factor of 10 and p?
10
Let w(f) = f**2 - 11*f + 13. Let d be w(10). Suppose 4*i - 92 = -4*j, 77 = 4*i - j - 0*j. Suppose p - i = -d*p. What is the highest common factor of 10 and p?
5
Let m = 2617 + -2575. Let r be 2/5 - 2132/(-20). Suppose 0 = -4*s - d + r, s - d + 135 = 6*s. Calculate the greatest common factor of s and m.
14
Suppose 4*q + 0*q - 68 = 0. Suppose -4*w + 62 = -4*k - 186, 0 = 4*w - k - 260. Let h = w - 32. What is the greatest common factor of h and q?
17
Let g(t) = 16*t - 6. Let h be g(2). What is the greatest common divisor of h and 377?
13
Let z(h) = 2*h**3 + 21*h**2 - 14*h - 13. Let j be z(-11). Calculate the highest common factor of j and 20.
20
Let l be (28/(-3))/((-34)/51). What is the greatest common divisor of 819 and l?
7
Let h = 3 + -1. Suppose -21*n + 18 = -12*n. What is the highest common factor of n and h?
2
Suppose 58*c = 4026 + 1774. What is the highest common divisor of c and 350?
50
Let r = -137 + 139. Let j(x) = 13*x**3 - 2*x**2 + 3*x - 3. Let q be j(r). Calculate the greatest common factor of 9 and q.
9
Suppose 101 = 3*q + 26. Suppose 0*m = -m + 175. What is the greatest common divisor of m and q?
25
Suppose 0 = -a + 2*a - 91. Let l = 3 - 1. Suppose 2*s - 67 = -5*r, -5*s + 28 + 3 = l*r. Calculate the greatest common divisor of r and a.
13
Let p be ((-4)/2)/((-5)/20). Suppose p - 2 = 2*k. Suppose -2*a - k*a = c - 34, -c + 4 = -a. Calculate the greatest common divisor of c and 3.
3
Let t(i) = -3*i**2 + 6*i**2 + 5*i**2 - i - 4*i**2. Let a be t(1). Suppose -a*z + 11 = q + 4*q, -q - 3 = -2*z. What is the greatest common factor of z and 4?
2
Let y(v) = -v**3 - v**2 - 6*v + 14. Let c be y(0). Let p = -179 + 347. Calculate the greatest common factor of c and p.
14
Let q(p) = p**2 - 8*p - 5. Let a be q(6). Let c = -1 - a. Calculate the highest common factor of c and 2.
2
Suppose -b = -2*b + 8. Let m be (-1)/((-10)/538) + (-25)/(-125). Suppose -3*j + m = -3*r, 0*j + r + 34 = 2*j. What is the highest common factor of j and b?
8
Let b = -455 + 560. Calculate the greatest common divisor of 45 and b.
15
Suppose 0 = -2*a + 10, 25 = -6*f + 11*f - 3*a. Let t(r) = 5*r**3 - 1. Let p be t(1). Let l be ((15 - 2) + 1)*p. What is the highest common factor of l and f?
8
Suppose 0 = 8*y - 5*y. Suppose -7*s + 133 = -y*s. Suppose j - 3*l = 83, 0*j + l = 2*j - 186. What is the highest common divisor of s and j?
19
Let f(v) = 6*v + 37. Let a be f(-28). Let w = a + 207. Calculate the highest common divisor of w and 19.
19
Let n be 16 + -13 - (-30 + -3)/1. Let v(a) = a**2 + 5. Let g be v(4). Suppose -5*m - 1 = -g. Calculate the highest common divisor of n and m.
4
Let f be 0 - (242/(-9) - 10/90). What is the highest common divisor of 1305 and f?
9
Let j(g) = g**3 + 9*g**2 + 11*g + 21. Let w be j(-6). What is th